r of 13890 and 18750.
30
What is the highest common factor of 870 and 3232195?
145
Calculate the greatest common factor of 57171886 and 5884.
2942
Calculate the greatest common factor of 133848 and 27040.
1352
What is the greatest common divisor of 1197 and 1074648645?
1197
Calculate the greatest common divisor of 1244822 and 4.
2
Calculate the highest common divisor of 578 and 591634.
34
What is the highest common factor of 2558 and 49819608?
2558
What is the highest common divisor of 2073367500 and 22500?
7500
Calculate the highest common factor of 3286 and 40470.
2
Calculate the highest common factor of 76994 and 1206696.
274
Calculate the highest common divisor of 4758 and 273403.
13
Calculate the highest common divisor of 908 and 8440.
4
What is the greatest common divisor of 47360 and 2858250?
370
Calculate the highest common divisor of 33436539 and 2124.
531
What is the highest common factor of 130424 and 106312?
1096
Calculate the greatest common factor of 501211 and 272.
17
Calculate the greatest common divisor of 375 and 2737233375.
375
What is the highest common factor of 253695418 and 1379?
197
What is the greatest common factor of 4132980 and 900?
180
What is the highest common factor of 129654660 and 888?
444
What is the highest common factor of 5520 and 178960?
80
Calculate the greatest common divisor of 33625 and 120115225.
6725
What is the highest common divisor of 10686 and 4974744?
822
What is the greatest common factor of 74506070 and 90?
10
What is the greatest common factor of 15087124 and 364?
52
Calculate the greatest common factor of 4176 and 277182.
522
What is the highest common divisor of 21032256 and 1344?
1344
Calculate the highest common divisor of 478 and 1596124.
2
Calculate the greatest common divisor of 541421086 and 7652.
3826
Calculate the highest common factor of 4818798 and 1350.
54
Calculate the greatest common divisor of 912091 and 2231.
97
Calculate the greatest common factor of 975 and 10225.
25
What is the greatest common divisor of 2295 and 20960235?
2295
Calculate the highest common divisor of 32826086 and 527.
31
Calculate the highest common factor of 20822 and 1833772.
718
What is the greatest common divisor of 19424 and 20339356?
2428
Calculate the greatest common divisor of 495 and 127804380.
165
What is the highest common divisor of 12221 and 2854148?
121
Calculate the greatest common factor of 56481650 and 68.
34
Calculate the greatest common divisor of 3 and 7224207.
3
Calculate the highest common divisor of 2211438 and 3422.
118
Calculate the greatest common divisor of 113879888 and 29128.
2648
What is the greatest common factor of 134964 and 5382?
414
What is the highest common factor of 643997180 and 20?
20
What is the greatest common divisor of 14121 and 31163478?
1569
What is the greatest common divisor of 176 and 8404768?
16
Calculate the highest common factor of 56021 and 589148.
371
Calculate the greatest common divisor of 41071 and 59429.
67
Calculate the highest common factor of 612 and 376956.
36
Calculate the greatest common divisor of 5562504 and 10212.
276
Calculate the greatest common divisor of 286 and 40321270.
22
What is the greatest common divisor of 50578948 and 8?
4
Calculate the greatest common divisor of 832 and 149440616.
104
Calculate the highest common divisor of 107592363 and 9.
9
What is the highest common divisor of 2375 and 7326625?
125
Calculate the greatest common divisor of 2193 and 35482095.
129
Calculate the greatest common factor of 7220117 and 62.
31
Calculate the greatest common factor of 690 and 487785.
15
What is the greatest common factor of 19065 and 92373?
123
Calculate the greatest common divisor of 186233803 and 58288.
3643
Calculate the highest common factor of 21210260 and 20.
20
What is the greatest common factor of 60431 and 969388?
623
Calculate the greatest common divisor of 910896514 and 15268.
7634
What is the greatest common factor of 107545 and 210?
5
Calculate the greatest common divisor of 2598555 and 60.
15
What is the highest common factor of 1648461 and 1776?
111
Calculate the highest common divisor of 16 and 3859048.
8
Calculate the highest common divisor of 1855 and 350574065.
265
Calculate the highest common factor of 16299 and 377.
1
Calculate the greatest common divisor of 273 and 861903.
21
What is the highest common divisor of 1125 and 3204875?
125
Calculate the highest common factor of 1906 and 15074.
2
Calculate the highest common factor of 3666385 and 20.
5
Calculate the greatest common divisor of 534901 and 58450.
167
Calculate the greatest common divisor of 22470 and 2857050.
210
What is the greatest common factor of 2501118 and 4698?
162
What is the greatest common divisor of 52253480 and 249?
83
Calculate the highest common divisor of 175 and 16875775.
175
What is the greatest common factor of 1805937 and 25277?
161
What is the greatest common divisor of 40 and 276496024?
8
What is the highest common divisor of 167442 and 10?
2
What is the greatest common factor of 2388826 and 4554?
506
Calculate the greatest common factor of 143808 and 143010.
42
Calculate the highest common factor of 1914 and 59712972.
1914
What is the greatest common factor of 260 and 3557177?
13
What is the highest common divisor of 60 and 70384305?
15
What is the greatest common factor of 1483461 and 1512?
189
What is the greatest common divisor of 2531690 and 2810?
10
Calculate the highest common divisor of 173 and 196126813.
173
What is the greatest common factor of 95991444 and 72?
36
Calculate the greatest common factor of 45421 and 1551170.
857
What is the greatest common divisor of 23493284 and 9772?
1396
Calculate the highest common divisor of 4136 and 7464446.
1034
Calculate the greatest common divisor of 1029 and 33235377.
147
What is the highest common divisor of 10 and 150487700?
10
Calculate the greatest common factor of 40600 and 89656.
56
What is the highest common factor of 99020700 and 900?
900
What is the greatest common divisor of 1226242 and 7470?
166
What is the highest common divisor of 86700 and 1638120?
1020
Calculate the highest common divisor of 1647 and 3609.
9
Calculate the highest common factor of 44440 and 3025.
55
What is the highest common factor of 863 and 37282463?
863
Calculate the greatest common factor of 200 and 249978.
2
What is the highest common divisor of 3859999 and 165?
11
What is the highest common divisor of 60 and 10191672?
12
Calculate the highest common factor of 19446912 and 3.
3
What is the greatest common factor of 130158171 and 306?
153
What is the highest common factor of 682400 and 3100?
100
What is the highest common factor of 180 and 3511260?
180
What is the highest common factor of 1219308 and 3612?
516
Calculate the highest common factor of 24040412 and 44.
44
Calculate the highest common divisor of 71 and 144076.
1
What is the greatest common factor of 836 and 792908?
76
Calculate the highest common factor of 482788 and 2459752.
3524
Calculate the greatest common divisor of 50419752 and 3330.
222
Calculate the greatest common factor of 21132618 and 429.
39
Calculate the greatest common divisor of 4488 and 504064.
88
Calculate the highest common factor of 3025661 and 6176.
193
Calculate the highest common divisor of 1052 and 609214252.
1052
Calculate the greatest common divisor of 4095 and 1736007.
273
Calculate the greatest common divisor of 157 and 50748209.
157
Calculate the greatest common factor of 2508636 and 429.
39
Calculate the greatest common factor of 192606 and 78114.
282
What is the highest common factor of 131408 and 34?
2
Calculate the highest common factor of 434160 and 11916.
36
What is the highest common factor of 73063557 and 21?
21
Calculate the greatest common factor of 85258 and 13583.
47
What is the highest common factor of 12974304 and 1792?
224
Calculate the highest common divisor of 2005830 and 7427160.
6210
What is the highest common divisor of 22649206 and 498?
166
Calculate the greatest common factor of 833 and 67328058.
833
Calculate the highest common factor of 5336361 and 14175.
81
Calculate the greatest common divisor of 240570 and 101310.
330
What is the greatest common divisor of 131540884 and 4604?
4604
What is the greatest common factor of 968 and 1